of 142?
False
Is 11 a factor of 224314?
False
Is 575228 a multiple of 182?
False
Does 134 divide 2407712?
True
Does 580 divide 696743?
False
Is 28 a factor of 294182?
False
Is 15120 a multiple of 315?
True
Does 398 divide 149648?
True
Is 41 a factor of 466949?
True
Is 66 a factor of 6024935?
False
Is 102498 a multiple of 22?
True
Is 3 a factor of 460359?
True
Does 6 divide 73008?
True
Is 2047928 a multiple of 68?
False
Is 27 a factor of 237141?
True
Does 15 divide 3862797?
False
Does 513 divide 19494?
True
Does 2045 divide 10317025?
True
Is 15 a factor of 1206732?
False
Does 305 divide 47545?
False
Does 14 divide 14770?
True
Is 71 a factor of 95566?
True
Does 2 divide 191604?
True
Does 20 divide 687560?
True
Is 7 a factor of 1593931?
False
Is 159432 a multiple of 26?
True
Is 83 a factor of 71672?
False
Does 13 divide 10515258?
True
Does 263 divide 300521?
False
Is 1220424 a multiple of 6?
True
Is 1087 a factor of 6145898?
True
Does 8 divide 36432?
True
Is 2583059 a multiple of 272?
False
Is 47 a factor of 85804?
False
Is 1462344 a multiple of 9?
False
Is 180 a factor of 2062260?
True
Is 3 a factor of 113010?
True
Is 46 a factor of 2878367?
False
Is 78 a factor of 19734?
True
Is 1613997 a multiple of 77?
True
Does 4 divide 44818?
False
Is 246 a factor of 17739?
False
Does 9 divide 7619778?
True
Is 67859 a multiple of 6?
False
Is 12346042 a multiple of 15?
False
Is 331 a factor of 329237?
False
Does 23 divide 956877?
False
Does 639 divide 32225?
False
Does 1106 divide 2258452?
True
Does 9 divide 701730?
True
Is 713561 even?
False
Is 431 a factor of 608091?
False
Does 44 divide 12248544?
True
Is 10 a factor of 7687287?
False
Is 319075 a multiple of 25?
True
Is 275074 a multiple of 28?
False
Is 86 a factor of 2532118?
False
Is 132435 a multiple of 15?
True
Is 209 a factor of 539011?
True
Is 42 a factor of 3532?
False
Is 28 a factor of 218344?
True
Does 38 divide 2024183?
False
Is 266 a factor of 52159?
False
Is 8 a factor of 214760?
True
Is 2864520 a multiple of 584?
True
Is 2256342 a multiple of 769?
False
Is 276 a factor of 3304698?
False
Is 244 a factor of 893528?
True
Does 36 divide 11628?
True
Is 64919 a multiple of 57?
False
Is 1751449 a multiple of 40?
False
Is 15 a factor of 10881479?
False
Is 105 a factor of 1374870?
True
Does 89 divide 16287?
True
Does 15 divide 104550?
True
Is 74 a factor of 10252053?
False
Is 1962992 a multiple of 632?
True
Is 6547286 a multiple of 19?
True
Does 9 divide 199859?
False
Is 4720727 a multiple of 238?
False
Is 69 a factor of 4887822?
True
Is 1390122 a multiple of 53?
False
Is 16 a factor of 868368?
True
Is 10692310 a multiple of 46?
False
Does 17 divide 310947?
True
Does 21 divide 35120?
False
Is 10 a factor of 110200?
True
Is 14 a factor of 3586906?
False
Does 6 divide 101382?
True
Is 118 a factor of 1399598?
True
Does 103 divide 26677?
True
Is 432864 a multiple of 48?
True
Is 677054 a multiple of 274?
True
Is 547 a factor of 410365?
False
Is 36155 a multiple of 104?
False
Does 24 divide 1612519?
False
Does 22 divide 474997?
False
Is 21 a factor of 316386?
True
Is 33912 a multiple of 4?
True
Is 309384 a multiple of 24?
True
Is 27 a factor of 462925?
False
Is 3619977 a multiple of 263?
False
Is 720867 a multiple of 9?
False
Does 44 divide 25407?
False
Does 211 divide 240962?
True
Is 18759 a multiple of 39?
True
Does 48 divide 13653410?
False
Is 1851612 a multiple of 47?
True
Is 19 a factor of 24002?
False
Is 2072262 a multiple of 6?
True
Is 756 a factor of 3544884?
True
Is 87 a factor of 899145?
True
Is 222 a factor of 2149848?
True
Is 11 a factor of 2420?
True
Is 53 a factor of 1408475?
True
Does 113 divide 330638?
True
Does 120 divide 12219480?
True
Is 12 a factor of 13657046?
False
Does 41 divide 9389?
True
Is 100716 a multiple of 327?
True
Is 906 a factor of 5336340?
True
Does 285 divide 8189?
False
Does 689 divide 1960555?
False
Is 666100 a multiple of 20?
True
Is 218 a factor of 488451?
False
Does 3 divide 27178?
False
Is 15 a factor of 3811676?
False
Is 1320 a factor of 12538680?
True
Is 20 a factor of 42706?
False
Does 51 divide 355419?
True
Is 18838 a multiple of 37?
False
Is 1564881 a multiple of 23?
False
Is 499 a factor of 385986?
False
Does 3 divide 4354353?
True
Does 203 divide 291711?
True
Is 207432 a multiple of 258?
True
Does 65 divide 3487?
False
Does 116 divide 510716?
False
Does 5 divide 319896?
False
Is 95 a factor of 1107212?
False
Is 75 a factor of 478875?
True
Does 1141 divide 7645412?
False
Is 3 a factor of 88284?
True
Does 28 divide 8141603?
False
Does 17 divide 1911307?
False
Does 39 divide 2365428?
True
Is 505731 a multiple of 4?
False
Does 4 divide 270180?
True
Is 45136 a multiple of 8?
True
Does 30 divide 680415?
False
Does 12 divide 1785727?
False
Is 244776 a multiple of 744?
True
Is 466 a factor of 9898462?
False
Is 8 a factor of 4598470?
False
Is 63986 a multiple of 5?
False
Is 138 a factor of 181194?
True
Does 100 divide 372400?
True
Is 1101947 a multiple of 11?
True
Does 13 divide 203762?
True
Is 211108 a multiple of 178?
True
Is 26 a factor of 96677?
False
Does 99 divide 397485?
True
Is 8 a factor of 5557770?
False
Does 579 divide 6641418?
False
Is 56 a factor of 1223992?
True
Is 16 a factor of 408432?
True
Is 343728 a multiple of 336?
True
Is 1354 a multiple of 22?
False
Is 24764 a multiple of 6?
False
Is 281 a factor of 48894?
True
Is 14137929 a multiple of 39?
True
Does 494 divide 21074040?
True
Does 191 divide 4254399?
False
Does 27 divide 10352212?
False
Is 24 a factor of 2042832?
True
Does 52 divide 118?
False
Does 9 divide 1021581?
True
Is 501986 a multiple of 264?
False
Does 375 divide 465375?
True
Does 14 divide 2150330?
True
Is 11 a factor of 273042?
True
Does 26 divide 219310?
True
Is 14 a factor of 245826?
True
Is 839183 a multiple of 86?
False
Is 13680 a multiple of 2?
True
Is 335 a factor of 650867?
False
Is 120 a factor of 2160?
True
Is 137313 a multiple of 57?
True
Is 4854619 a multiple of 7?
True
Does 58 divide 1746435?
False
Is 15 a factor of 16335?
True
Is 119 a factor of 3677100?
True
Is 337 a factor of 3018509?
True
Is 671426 a multiple of 241?
True
Does 76 divide 6285580?
True
Is 1478098 a multiple of 76?
False
Is 2350962 a multiple of 211?
True
Does 14 divide 3386572?
True
Is 107132 a multiple of 25?
False
Is 851 a factor of 19275652?
False
Is 93 a factor of 143536?
False
Does 21 divide 2142956?
False
Does 450 divide 12150?
True
Is 68 a factor of 707629?
False
Is 2 a factor of 74224?
True
Does 850 divide 366375?
False
Is 6516514 a multiple of 192?
False
Does 904 divide 22476707?
False
Does 71 divide 5908904?
True
Does 176 divide 1600097?
False
Is 712504 a multiple of 221?
True
Does 26 divide 5049512?
True
Does 16 divide 39902?
False
Does 205 divide 742715?
True
Is 1439521 a multiple of 914?
False
Is 709 a factor of 1602636?
False
Is 3 a factor of 1894813?
False
Is 68 a factor of 165497?
False
Does 2 divide 10664?
True
Does 414 divide 5687118?
True
Is 7 a factor of 7083020?
True
Is 406 a factor of 222894?
True
Is 3145919 a multiple of 23?
False
Does 14 divide 2568606?
False
Does 4 divide 2434444?
True
Does 15 divide 8895?
True
Is 500450 a multiple of 25?
True
Is 1100034 a multiple of 248?
False
Is 231 a factor of 964912?
False
Is 98 a factor of 11828110?
True
Is 147 a factor of 222723?
False
Does 56 divide 54656?
True
Does 23 divide 1662888?
False
Is 321898 a multiple of 293?
False
Is 413429 a multiple of 467?
False
Does 20 divide 28040?
True
Is 129402 a multiple of 18?
True
Is 194801 a multiple of 13?
False
Does 195 divide 206505?
True
Does 60 divide 1593131?
False
Is 254443 a multiple of 67?
False
Is 3 a factor of 990792?
True
Does 5 divide 123930?
True
Is 415352 a multiple of 7?
True
Is 72 a factor of 10440?
True
Does 102 divide 1445977?
False
Is 58 a factor of 1450428?
False
Does 251 divide 1151277?
False
Is 88740 a multiple of 170?
True
Is 39 a factor of 121724?
False
Is 298 a factor of 34511?
False
Is 20 a factor of 152779?
False
Is 4 a factor of 14096?
True
Does 8 divide 18848?
True
Is 586 a factor of 1971304?
True
Is 41 a factor of 12849482?
True
Does 34 divide 532100?
True
Is 26 a factor of 46710?
False
Is 760419 a multiple of 33?
True
Does 18 divide 620535?
False
Is 35501 a multiple of 81?
False
Is 9948960 a multiple of 147?
True
Does